{"id":57,"date":"2013-02-23T20:17:12","date_gmt":"2013-02-23T19:17:12","guid":{"rendered":"http:\/\/ragdoll-siona.de\/?page_id=57"},"modified":"2020-01-28T22:40:53","modified_gmt":"2020-01-28T21:40:53","slug":"uber-uns","status":"publish","type":"page","link":"http:\/\/ragdoll-siona.de\/?page_id=57","title":{"rendered":"Kontakt"},"content":{"rendered":"<p style=\"text-align: center;\"><a href=\"http:\/\/ragdoll-siona.de\/wp-content\/uploads\/2013\/02\/kontakt-trouble-24.jpg\"><img loading=\"lazy\" decoding=\"async\" class=\"alignnone size-full wp-image-92\" src=\"http:\/\/ragdoll-siona.de\/wp-content\/uploads\/2013\/02\/kontakt-trouble-24.jpg\" alt=\"Bild-Kontakt\" width=\"500\" height=\"339\" srcset=\"http:\/\/ragdoll-siona.de\/wp-content\/uploads\/2013\/02\/kontakt-trouble-24.jpg 500w, http:\/\/ragdoll-siona.de\/wp-content\/uploads\/2013\/02\/kontakt-trouble-24-300x203.jpg 300w, http:\/\/ragdoll-siona.de\/wp-content\/uploads\/2013\/02\/kontakt-trouble-24-100x67.jpg 100w, http:\/\/ragdoll-siona.de\/wp-content\/uploads\/2013\/02\/kontakt-trouble-24-219x149.jpg 219w\" sizes=\"auto, (max-width: 500px) 100vw, 500px\" \/><\/a><\/p>\n<p style=\"text-align: center;\"><strong>Impressum<\/strong><\/p>\n<p style=\"text-align: center;\">Marion Vollborn<br \/>\n51399 Burscheid<br \/>\n015158060277<br \/>\ninfo[at]ma-vo.de<\/p>\n<p style=\"text-align: center;\">das [at] durch @ ersetzen<\/p>\n<p style=\"text-align: center;\"><strong>Copyright<\/strong><\/p>\n<p style=\"text-align: center;\">Marion Vollborn 2002-2020<br \/>\nAlle Rechte vorbehalten.<br \/>\nJegliche Vervielf\u00e4ltigung oder Weiterverbreitung ist untersagt. Es bedarf meiner ausdr\u00fccklichen Genehmigung. Jedwede Entwendung wird sofort zur Anzeige gebracht.<\/p>\n<p style=\"text-align: center;\"><span style=\"color: #000066; font-family: Verdana; font-size: small;\"><strong>Haftungshinweis<\/strong><\/span><\/p>\n<p style=\"text-align: center;\" align=\"center\">Trotz sorgf\u00e4ltiger inhaltlicher Kontrolle \u00fcbernehme ich keine Haftung f\u00fcr die Inhalte externer Links. F\u00fcr die Einhaltung der Datenschutzbestimmungen und die Inhalte sind ausschlie\u00dflich deren Betreiber verantwortlich.<\/p>\n","protected":false},"excerpt":{"rendered":"<p>Impressum Marion Vollborn 51399 Burscheid 015158060277 info[at]ma-vo.de das [at] durch @ ersetzen Copyright Marion Vollborn 2002-2020 Alle Rechte vorbehalten. Jegliche Vervielf\u00e4ltigung oder Weiterverbreitung ist untersagt. Es bedarf meiner ausdr\u00fccklichen Genehmigung. Jedwede Entwendung wird sofort zur Anzeige gebracht. Haftungshinweis Trotz sorgf\u00e4ltiger inhaltlicher Kontrolle \u00fcbernehme ich keine Haftung f\u00fcr die Inhalte externer Links. F\u00fcr die Einhaltung der [&hellip;]<\/p>\n","protected":false},"author":1,"featured_media":0,"parent":0,"menu_order":4,"comment_status":"closed","ping_status":"closed","template":"","meta":{"footnotes":""},"class_list":["post-57","page","type-page","status-publish","hentry"],"_links":{"self":[{"href":"http:\/\/ragdoll-siona.de\/index.php?rest_route=\/wp\/v2\/pages\/57","targetHints":{"allow":["GET"]}}],"collection":[{"href":"http:\/\/ragdoll-siona.de\/index.php?rest_route=\/wp\/v2\/pages"}],"about":[{"href":"http:\/\/ragdoll-siona.de\/index.php?rest_route=\/wp\/v2\/types\/page"}],"author":[{"embeddable":true,"href":"http:\/\/ragdoll-siona.de\/index.php?rest_route=\/wp\/v2\/users\/1"}],"replies":[{"embeddable":true,"href":"http:\/\/ragdoll-siona.de\/index.php?rest_route=%2Fwp%2Fv2%2Fcomments&post=57"}],"version-history":[{"count":7,"href":"http:\/\/ragdoll-siona.de\/index.php?rest_route=\/wp\/v2\/pages\/57\/revisions"}],"predecessor-version":[{"id":1291,"href":"http:\/\/ragdoll-siona.de\/index.php?rest_route=\/wp\/v2\/pages\/57\/revisions\/1291"}],"wp:attachment":[{"href":"http:\/\/ragdoll-siona.de\/index.php?rest_route=%2Fwp%2Fv2%2Fmedia&parent=57"}],"curies":[{"name":"wp","href":"https:\/\/api.w.org\/{rel}","templated":true}]}}